
{"id":223,"date":"2018-05-11T00:29:32","date_gmt":"2018-05-11T06:29:32","guid":{"rendered":"http:\/\/www.prueba.mx\/polisalud_nuevo\/?page_id=223"},"modified":"2019-07-23T11:40:29","modified_gmt":"2019-07-23T17:40:29","slug":"sucursales","status":"publish","type":"page","link":"https:\/\/www.productospolisalud.com.mx\/productos-politecnicos\/contacto\/sucursales\/","title":{"rendered":"Sucursales"},"content":{"rendered":"<section class=\"wpb-content-wrapper\">[vc_row 0=&#8221;&#8221;][vc_column][vc_column_text 0=&#8221;&#8221;]\n<h1>Sucursales<\/h1>\n<div class=\"sucursal\">\n<h2>Sucursal Ciudad Deportiva<\/h2>\n<div id=\"deportiva\">\n<div class=\"infos\">\n<h4>Sucursal Ciudad Deportiva<\/h4>\n<p>Viaducto Rio Piedad Esq. Calle 41, Col. Ignacio Zaragoza, Del. Venustiano Carranza, M\u00e9xco, D.F., Metro Ciudad Deportiva. Tel: 55 2622 &#8211; 9599<\/p>\n<p><a href=\"http:\/\/www.productospolisalud.com.mx\/tienda-del-poli\/contacto\/sucursales\/sucursal-ciudad-deportiva\/\">C\u00f3mo llegar<\/a><\/p>\n<\/div>\n<\/div>\n<\/div>\n<div class=\"sucursal\">\n<h2>Sucursal Lindavista<\/h2>\n<div id=\"linda-vista\">\n<div class=\"infos\">\n<h4>Sucursal Lindavista<\/h4>\n<p>Avenida Montevideo, Esq. Manta, Col. Lindavista, Del. Gustavo A. Madero, M\u00e9xico, D.F. Tel: 55 5586 &#8211; 2616<\/p>\n<p><a href=\"http:\/\/www.productospolisalud.com.mx\/tienda-del-poli\/contacto\/sucursales\/sucursal-lindavista\/\">C\u00f3mo llegar<\/a><\/p>\n<\/div>\n<\/div>\n<\/div>\n<div class=\"sucursal\">\n<h2>Sucursal Villa de Cort\u00e9s<\/h2>\n<div id=\"villa\">\n<div class=\"infos\">\n<h4>Sucursal Villa de Cort\u00e9s<\/h4>\n<p>Calzada de Tlalpan 884, Local A, Col. Villa de Cort\u00e9s, Del. Benito Ju\u00e1rez, M\u00e9xico, D.F. Tel: 55 5696 &#8211; 9775<\/p>\n<p><a href=\"http:\/\/www.productospolisalud.com.mx\/tienda-del-poli\/contacto\/sucursales\/sucursal-villa-de-cortes\/\">C\u00f3mo llegar<\/a><\/p>\n<\/div>\n<\/div>\n<\/div>\n<div class=\"sucursal\" style=\"display: none;\">\n<h2>Sucursal Tlanepantla<\/h2>\n<div id=\"tlane1\">\n<div class=\"infos\">\n<h4>Sucursal Tlanepantla<\/h4>\n<p>Plaza Millenium (Wal-Mart Toltecas) Av. Hidalgo S\/N Loc. 10, Col. Industrial Tlaxcolpan, Tlalnepantla, Estado de M\u00e9xico. Junto a Bancomer. Tel: 5384 5494<\/p>\n<p><a href=\"http:\/\/www.productospolisalud.com.mx\/tienda-del-poli\/sucursal-tlalneplantla\/\">C\u00f3mo llegar<\/a><\/p>\n<\/div>\n<\/div>\n<\/div>\n<div class=\"sucursal\" style=\"display: none;\">\n<h2>Sucursal Tlanepantla<\/h2>\n<div id=\"tlane2\">\n<div class=\"infos\">\n<h4>Sucursal Tlanepantla<\/h4>\n<p>Plaza Millenium (Wal-Mart Toltecas) Av. Hidalgo S\/N Loc. 10, Col. Industrial Tlaxcolpan, Tlalnepantla, Estado de M\u00e9xico. Junto a Bancomer. Tel: 5384 5494<\/p>\n<p><a href=\"http:\/\/www.productospolisalud.com.mx\/tienda-del-poli\/sucursal-tlalnepantla-2\/\">C\u00f3mo llegar<\/a><\/p>\n<\/div>\n<\/div>\n<\/div>\n[\/vc_column_text][\/vc_column][\/vc_row]\n<\/section>","protected":false},"excerpt":{"rendered":"<p>[vc_row 0=&#8221;&#8221;][vc_column][vc_column_text 0=&#8221;&#8221;] Sucursales Sucursal Ciudad Deportiva Sucursal Ciudad Deportiva Viaducto Rio Piedad Esq. Calle 41, Col. Ignacio Zaragoza, Del. Venustiano Carranza,<\/p>\n","protected":false},"author":1,"featured_media":0,"parent":150,"menu_order":0,"comment_status":"closed","ping_status":"closed","template":"","meta":[],"yoast_head":"<!-- This site is optimized with the Yoast SEO plugin v21.1 - https:\/\/yoast.com\/wordpress\/plugins\/seo\/ -->\n<title>Sucursales - Polisalud es la tienda de origen Polit\u00e9cnico<\/title>\n<meta name=\"robots\" content=\"index, follow, max-snippet:-1, max-image-preview:large, max-video-preview:-1\" \/>\n<link rel=\"canonical\" href=\"https:\/\/www.productospolisalud.com.mx\/productos-politecnicos\/contacto\/sucursales\/\" \/>\n<meta property=\"og:locale\" content=\"es_MX\" \/>\n<meta property=\"og:type\" content=\"article\" \/>\n<meta property=\"og:title\" content=\"Sucursales - Polisalud es la tienda de origen Polit\u00e9cnico\" \/>\n<meta property=\"og:description\" content=\"[vc_row 0=&#8221;&#8221;][vc_column][vc_column_text 0=&#8221;&#8221;] Sucursales Sucursal Ciudad Deportiva Sucursal Ciudad Deportiva Viaducto Rio Piedad Esq. Calle 41, Col. Ignacio Zaragoza, Del. Venustiano Carranza,\" \/>\n<meta property=\"og:url\" content=\"https:\/\/www.productospolisalud.com.mx\/productos-politecnicos\/contacto\/sucursales\/\" \/>\n<meta property=\"og:site_name\" content=\"Polisalud es la tienda de origen Polit\u00e9cnico\" \/>\n<meta property=\"article:modified_time\" content=\"2019-07-23T17:40:29+00:00\" \/>\n<meta name=\"twitter:card\" content=\"summary_large_image\" \/>\n<meta name=\"twitter:label1\" content=\"Tiempo de lectura\" \/>\n\t<meta name=\"twitter:data1\" content=\"1 minuto\" \/>\n<script type=\"application\/ld+json\" class=\"yoast-schema-graph\">{\"@context\":\"https:\/\/schema.org\",\"@graph\":[{\"@type\":\"WebPage\",\"@id\":\"https:\/\/www.productospolisalud.com.mx\/productos-politecnicos\/contacto\/sucursales\/\",\"url\":\"https:\/\/www.productospolisalud.com.mx\/productos-politecnicos\/contacto\/sucursales\/\",\"name\":\"Sucursales - Polisalud es la tienda de origen Polit\u00e9cnico\",\"isPartOf\":{\"@id\":\"https:\/\/www.productospolisalud.com.mx\/productos-politecnicos\/#website\"},\"datePublished\":\"2018-05-11T06:29:32+00:00\",\"dateModified\":\"2019-07-23T17:40:29+00:00\",\"breadcrumb\":{\"@id\":\"https:\/\/www.productospolisalud.com.mx\/productos-politecnicos\/contacto\/sucursales\/#breadcrumb\"},\"inLanguage\":\"es-MX\",\"potentialAction\":[{\"@type\":\"ReadAction\",\"target\":[\"https:\/\/www.productospolisalud.com.mx\/productos-politecnicos\/contacto\/sucursales\/\"]}]},{\"@type\":\"BreadcrumbList\",\"@id\":\"https:\/\/www.productospolisalud.com.mx\/productos-politecnicos\/contacto\/sucursales\/#breadcrumb\",\"itemListElement\":[{\"@type\":\"ListItem\",\"position\":1,\"name\":\"Inicio\",\"item\":\"https:\/\/www.productospolisalud.com.mx\/productos-politecnicos\/\"},{\"@type\":\"ListItem\",\"position\":2,\"name\":\"Contacto\",\"item\":\"https:\/\/www.productospolisalud.com.mx\/productos-politecnicos\/contacto\/\"},{\"@type\":\"ListItem\",\"position\":3,\"name\":\"Sucursales\"}]},{\"@type\":\"WebSite\",\"@id\":\"https:\/\/www.productospolisalud.com.mx\/productos-politecnicos\/#website\",\"url\":\"https:\/\/www.productospolisalud.com.mx\/productos-politecnicos\/\",\"name\":\"Polisalud es la tienda de origen Polit\u00e9cnico\",\"description\":\"Polisalud son productos desarrollados por Polit\u00e9cnicos\",\"potentialAction\":[{\"@type\":\"SearchAction\",\"target\":{\"@type\":\"EntryPoint\",\"urlTemplate\":\"https:\/\/www.productospolisalud.com.mx\/productos-politecnicos\/?s={search_term_string}\"},\"query-input\":\"required name=search_term_string\"}],\"inLanguage\":\"es-MX\"}]}<\/script>\n<!-- \/ Yoast SEO plugin. -->","yoast_head_json":{"title":"Sucursales - Polisalud es la tienda de origen Polit\u00e9cnico","robots":{"index":"index","follow":"follow","max-snippet":"max-snippet:-1","max-image-preview":"max-image-preview:large","max-video-preview":"max-video-preview:-1"},"canonical":"https:\/\/www.productospolisalud.com.mx\/productos-politecnicos\/contacto\/sucursales\/","og_locale":"es_MX","og_type":"article","og_title":"Sucursales - Polisalud es la tienda de origen Polit\u00e9cnico","og_description":"[vc_row 0=&#8221;&#8221;][vc_column][vc_column_text 0=&#8221;&#8221;] Sucursales Sucursal Ciudad Deportiva Sucursal Ciudad Deportiva Viaducto Rio Piedad Esq. Calle 41, Col. Ignacio Zaragoza, Del. Venustiano Carranza,","og_url":"https:\/\/www.productospolisalud.com.mx\/productos-politecnicos\/contacto\/sucursales\/","og_site_name":"Polisalud es la tienda de origen Polit\u00e9cnico","article_modified_time":"2019-07-23T17:40:29+00:00","twitter_card":"summary_large_image","twitter_misc":{"Tiempo de lectura":"1 minuto"},"schema":{"@context":"https:\/\/schema.org","@graph":[{"@type":"WebPage","@id":"https:\/\/www.productospolisalud.com.mx\/productos-politecnicos\/contacto\/sucursales\/","url":"https:\/\/www.productospolisalud.com.mx\/productos-politecnicos\/contacto\/sucursales\/","name":"Sucursales - Polisalud es la tienda de origen Polit\u00e9cnico","isPartOf":{"@id":"https:\/\/www.productospolisalud.com.mx\/productos-politecnicos\/#website"},"datePublished":"2018-05-11T06:29:32+00:00","dateModified":"2019-07-23T17:40:29+00:00","breadcrumb":{"@id":"https:\/\/www.productospolisalud.com.mx\/productos-politecnicos\/contacto\/sucursales\/#breadcrumb"},"inLanguage":"es-MX","potentialAction":[{"@type":"ReadAction","target":["https:\/\/www.productospolisalud.com.mx\/productos-politecnicos\/contacto\/sucursales\/"]}]},{"@type":"BreadcrumbList","@id":"https:\/\/www.productospolisalud.com.mx\/productos-politecnicos\/contacto\/sucursales\/#breadcrumb","itemListElement":[{"@type":"ListItem","position":1,"name":"Inicio","item":"https:\/\/www.productospolisalud.com.mx\/productos-politecnicos\/"},{"@type":"ListItem","position":2,"name":"Contacto","item":"https:\/\/www.productospolisalud.com.mx\/productos-politecnicos\/contacto\/"},{"@type":"ListItem","position":3,"name":"Sucursales"}]},{"@type":"WebSite","@id":"https:\/\/www.productospolisalud.com.mx\/productos-politecnicos\/#website","url":"https:\/\/www.productospolisalud.com.mx\/productos-politecnicos\/","name":"Polisalud es la tienda de origen Polit\u00e9cnico","description":"Polisalud son productos desarrollados por Polit\u00e9cnicos","potentialAction":[{"@type":"SearchAction","target":{"@type":"EntryPoint","urlTemplate":"https:\/\/www.productospolisalud.com.mx\/productos-politecnicos\/?s={search_term_string}"},"query-input":"required name=search_term_string"}],"inLanguage":"es-MX"}]}},"_links":{"self":[{"href":"https:\/\/www.productospolisalud.com.mx\/productos-politecnicos\/wp-json\/wp\/v2\/pages\/223"}],"collection":[{"href":"https:\/\/www.productospolisalud.com.mx\/productos-politecnicos\/wp-json\/wp\/v2\/pages"}],"about":[{"href":"https:\/\/www.productospolisalud.com.mx\/productos-politecnicos\/wp-json\/wp\/v2\/types\/page"}],"author":[{"embeddable":true,"href":"https:\/\/www.productospolisalud.com.mx\/productos-politecnicos\/wp-json\/wp\/v2\/users\/1"}],"replies":[{"embeddable":true,"href":"https:\/\/www.productospolisalud.com.mx\/productos-politecnicos\/wp-json\/wp\/v2\/comments?post=223"}],"version-history":[{"count":8,"href":"https:\/\/www.productospolisalud.com.mx\/productos-politecnicos\/wp-json\/wp\/v2\/pages\/223\/revisions"}],"predecessor-version":[{"id":746,"href":"https:\/\/www.productospolisalud.com.mx\/productos-politecnicos\/wp-json\/wp\/v2\/pages\/223\/revisions\/746"}],"up":[{"embeddable":true,"href":"https:\/\/www.productospolisalud.com.mx\/productos-politecnicos\/wp-json\/wp\/v2\/pages\/150"}],"wp:attachment":[{"href":"https:\/\/www.productospolisalud.com.mx\/productos-politecnicos\/wp-json\/wp\/v2\/media?parent=223"}],"curies":[{"name":"wp","href":"https:\/\/api.w.org\/{rel}","templated":true}]}}