
{"id":122,"date":"2017-07-25T01:48:28","date_gmt":"2017-07-25T07:48:28","guid":{"rendered":"http:\/\/www.prueba.mx\/polisalud_nuevo\/producto\/import-placeholder-for-18\/"},"modified":"2025-11-27T00:54:25","modified_gmt":"2025-11-27T06:54:25","slug":"energy-mas-capsulas","status":"publish","type":"product","link":"https:\/\/www.productospolisalud.com.mx\/productos-politecnicos\/producto\/energy-mas-capsulas\/","title":{"rendered":"Energy M\u00e1s C\u00e1psulas"},"content":{"rendered":"<p>Energy M\u00e1s + son c\u00e1psulas elaboradas a base de Cromo Org\u00e1nico, T\u00e9 Verde, Algas Pardas.<br \/>\nBeneficios del T\u00e9 Verde: Contiene propiedades diur\u00e9ticas, estimula el sistema nervioso y reduce la acumulaci\u00f3n de grasa en el h\u00edgado.<br \/>\nBeneficios de las Algas Pardas: Favorecen la reducci\u00f3n de grasa visceral. Mejora el metabolismo de las grasas. Contribuye a reducir el s\u00edndrome metab\u00f3lico.<br \/>\nCromo Org\u00e1nico: Ayuda a balancear la glucosa en la sangre para obtener una mejor respuesta energ\u00e9tica. Act\u00faa mejorando el control del apetito y el antojo por cosas dulces.<\/p>\n<p>EL CONSUMO DE ESTE PRODUCTO ES RESPONSABILIDAD DE QUIEN LO RECOMIENDA Y DE QUIEN LO USA. ESTE PRODUCTO NO ES UN MEDICAMENTO.<\/p>\n<p>Encuentra en <a href=\"https:\/\/www.productospolisalud.com.mx\/tienda-del-poli\/\" target=\"_blank\" rel=\"noopener\">Polisalud<\/a> todos los productos para mejorar tu salud y belleza, desarrollados por Cient\u00edficos Mexicanos Polit\u00e9cnicos. Si no es Polisalud, no son los originales. \u00bfDeseas atenci\u00f3n personalizada? Llama al 55 2622-9599. Enviamos a todo M\u00e9xico.<\/p>\n<p><strong>Ingredientes del Energy M\u00e1s: <\/strong>Cromo Org\u00e1nico (Levadura enriquecida con cromo), T\u00e9 Verde y Algas Pardas.<\/p>\n","protected":false},"excerpt":{"rendered":"<h4><span style=\"color: #35e40c;\"><strong>Presentaci\u00f3n:<\/strong><\/span>\u00a0<span style=\"color: #010101;\">Frasco con 90 c\u00e1psulas.<\/span><\/h4>\n<p>&nbsp;<\/p>\n","protected":false},"featured_media":2144,"comment_status":"open","ping_status":"closed","template":"","meta":[],"product_cat":[18,19],"product_tag":[373,372,376,374,375],"yoast_head":"<!-- This site is optimized with the Yoast SEO plugin v21.1 - https:\/\/yoast.com\/wordpress\/plugins\/seo\/ -->\n<title>Energy M\u00e1s C\u00e1psulas | Polisalud la tienda de los productos del IPN<\/title>\n<meta name=\"description\" content=\"Energy M\u00e1s son c\u00e1psulas elaboradas a base de Cromo Org\u00e1nico, T\u00e9 Verde, Algas Pardas. Beneficios del T\u00e9 Verde: Contiene propiedades diur\u00e9ticas, estimula el.\" \/>\n<meta name=\"robots\" content=\"index, follow, max-snippet:-1, max-image-preview:large, max-video-preview:-1\" \/>\n<link rel=\"canonical\" href=\"https:\/\/www.productospolisalud.com.mx\/productos-politecnicos\/producto\/energy-mas-capsulas\/\" \/>\n<meta property=\"og:locale\" content=\"es_MX\" \/>\n<meta property=\"og:type\" content=\"article\" \/>\n<meta property=\"og:title\" content=\"Energy M\u00e1s C\u00e1psulas | Polisalud la tienda de los productos del IPN\" \/>\n<meta property=\"og:description\" content=\"Energy M\u00e1s son c\u00e1psulas elaboradas a base de Cromo Org\u00e1nico, T\u00e9 Verde, Algas Pardas. Beneficios del T\u00e9 Verde: Contiene propiedades diur\u00e9ticas, estimula el.\" \/>\n<meta property=\"og:url\" content=\"https:\/\/www.productospolisalud.com.mx\/productos-politecnicos\/producto\/energy-mas-capsulas\/\" \/>\n<meta property=\"og:site_name\" content=\"Polisalud es la tienda de origen Polit\u00e9cnico\" \/>\n<meta property=\"article:modified_time\" content=\"2025-11-27T06:54:25+00:00\" \/>\n<meta property=\"og:image\" content=\"https:\/\/www.productospolisalud.com.mx\/productos-politecnicos\/wp-content\/uploads\/2017\/07\/Energy-Diet-Frente-FB.png\" \/>\n\t<meta property=\"og:image:width\" content=\"540\" \/>\n\t<meta property=\"og:image:height\" content=\"540\" \/>\n\t<meta property=\"og:image:type\" content=\"image\/png\" \/>\n<meta name=\"twitter:card\" content=\"summary_large_image\" \/>\n<meta name=\"twitter:label1\" content=\"Tiempo de lectura\" \/>\n\t<meta name=\"twitter:data1\" content=\"1 minuto\" \/>\n<script type=\"application\/ld+json\" class=\"yoast-schema-graph\">{\"@context\":\"https:\/\/schema.org\",\"@graph\":[{\"@type\":\"WebPage\",\"@id\":\"https:\/\/www.productospolisalud.com.mx\/productos-politecnicos\/producto\/energy-mas-capsulas\/\",\"url\":\"https:\/\/www.productospolisalud.com.mx\/productos-politecnicos\/producto\/energy-mas-capsulas\/\",\"name\":\"Energy M\u00e1s C\u00e1psulas | Polisalud la tienda de los productos del IPN\",\"isPartOf\":{\"@id\":\"https:\/\/www.productospolisalud.com.mx\/productos-politecnicos\/#website\"},\"datePublished\":\"2017-07-25T07:48:28+00:00\",\"dateModified\":\"2025-11-27T06:54:25+00:00\",\"description\":\"Energy M\u00e1s son c\u00e1psulas elaboradas a base de Cromo Org\u00e1nico, T\u00e9 Verde, Algas Pardas. Beneficios del T\u00e9 Verde: Contiene propiedades diur\u00e9ticas, estimula el.\",\"breadcrumb\":{\"@id\":\"https:\/\/www.productospolisalud.com.mx\/productos-politecnicos\/producto\/energy-mas-capsulas\/#breadcrumb\"},\"inLanguage\":\"es-MX\",\"potentialAction\":[{\"@type\":\"ReadAction\",\"target\":[\"https:\/\/www.productospolisalud.com.mx\/productos-politecnicos\/producto\/energy-mas-capsulas\/\"]}]},{\"@type\":\"BreadcrumbList\",\"@id\":\"https:\/\/www.productospolisalud.com.mx\/productos-politecnicos\/producto\/energy-mas-capsulas\/#breadcrumb\",\"itemListElement\":[{\"@type\":\"ListItem\",\"position\":1,\"name\":\"Inicio\",\"item\":\"https:\/\/www.productospolisalud.com.mx\/productos-politecnicos\/\"},{\"@type\":\"ListItem\",\"position\":2,\"name\":\"Tienda\",\"item\":\"https:\/\/www.productospolisalud.com.mx\/productos-politecnicos\/tienda\/\"},{\"@type\":\"ListItem\",\"position\":3,\"name\":\"Energy M\u00e1s C\u00e1psulas\"}]},{\"@type\":\"WebSite\",\"@id\":\"https:\/\/www.productospolisalud.com.mx\/productos-politecnicos\/#website\",\"url\":\"https:\/\/www.productospolisalud.com.mx\/productos-politecnicos\/\",\"name\":\"Polisalud es la tienda de origen Polit\u00e9cnico\",\"description\":\"Polisalud son productos desarrollados por Polit\u00e9cnicos\",\"potentialAction\":[{\"@type\":\"SearchAction\",\"target\":{\"@type\":\"EntryPoint\",\"urlTemplate\":\"https:\/\/www.productospolisalud.com.mx\/productos-politecnicos\/?s={search_term_string}\"},\"query-input\":\"required name=search_term_string\"}],\"inLanguage\":\"es-MX\"}]}<\/script>\n<!-- \/ Yoast SEO plugin. -->","yoast_head_json":{"title":"Energy M\u00e1s C\u00e1psulas | Polisalud la tienda de los productos del IPN","description":"Energy M\u00e1s son c\u00e1psulas elaboradas a base de Cromo Org\u00e1nico, T\u00e9 Verde, Algas Pardas. Beneficios del T\u00e9 Verde: Contiene propiedades diur\u00e9ticas, estimula el.","robots":{"index":"index","follow":"follow","max-snippet":"max-snippet:-1","max-image-preview":"max-image-preview:large","max-video-preview":"max-video-preview:-1"},"canonical":"https:\/\/www.productospolisalud.com.mx\/productos-politecnicos\/producto\/energy-mas-capsulas\/","og_locale":"es_MX","og_type":"article","og_title":"Energy M\u00e1s C\u00e1psulas | Polisalud la tienda de los productos del IPN","og_description":"Energy M\u00e1s son c\u00e1psulas elaboradas a base de Cromo Org\u00e1nico, T\u00e9 Verde, Algas Pardas. Beneficios del T\u00e9 Verde: Contiene propiedades diur\u00e9ticas, estimula el.","og_url":"https:\/\/www.productospolisalud.com.mx\/productos-politecnicos\/producto\/energy-mas-capsulas\/","og_site_name":"Polisalud es la tienda de origen Polit\u00e9cnico","article_modified_time":"2025-11-27T06:54:25+00:00","og_image":[{"width":540,"height":540,"url":"https:\/\/www.productospolisalud.com.mx\/productos-politecnicos\/wp-content\/uploads\/2017\/07\/Energy-Diet-Frente-FB.png","type":"image\/png"}],"twitter_card":"summary_large_image","twitter_misc":{"Tiempo de lectura":"1 minuto"},"schema":{"@context":"https:\/\/schema.org","@graph":[{"@type":"WebPage","@id":"https:\/\/www.productospolisalud.com.mx\/productos-politecnicos\/producto\/energy-mas-capsulas\/","url":"https:\/\/www.productospolisalud.com.mx\/productos-politecnicos\/producto\/energy-mas-capsulas\/","name":"Energy M\u00e1s C\u00e1psulas | Polisalud la tienda de los productos del IPN","isPartOf":{"@id":"https:\/\/www.productospolisalud.com.mx\/productos-politecnicos\/#website"},"datePublished":"2017-07-25T07:48:28+00:00","dateModified":"2025-11-27T06:54:25+00:00","description":"Energy M\u00e1s son c\u00e1psulas elaboradas a base de Cromo Org\u00e1nico, T\u00e9 Verde, Algas Pardas. Beneficios del T\u00e9 Verde: Contiene propiedades diur\u00e9ticas, estimula el.","breadcrumb":{"@id":"https:\/\/www.productospolisalud.com.mx\/productos-politecnicos\/producto\/energy-mas-capsulas\/#breadcrumb"},"inLanguage":"es-MX","potentialAction":[{"@type":"ReadAction","target":["https:\/\/www.productospolisalud.com.mx\/productos-politecnicos\/producto\/energy-mas-capsulas\/"]}]},{"@type":"BreadcrumbList","@id":"https:\/\/www.productospolisalud.com.mx\/productos-politecnicos\/producto\/energy-mas-capsulas\/#breadcrumb","itemListElement":[{"@type":"ListItem","position":1,"name":"Inicio","item":"https:\/\/www.productospolisalud.com.mx\/productos-politecnicos\/"},{"@type":"ListItem","position":2,"name":"Tienda","item":"https:\/\/www.productospolisalud.com.mx\/productos-politecnicos\/tienda\/"},{"@type":"ListItem","position":3,"name":"Energy M\u00e1s C\u00e1psulas"}]},{"@type":"WebSite","@id":"https:\/\/www.productospolisalud.com.mx\/productos-politecnicos\/#website","url":"https:\/\/www.productospolisalud.com.mx\/productos-politecnicos\/","name":"Polisalud es la tienda de origen Polit\u00e9cnico","description":"Polisalud son productos desarrollados por Polit\u00e9cnicos","potentialAction":[{"@type":"SearchAction","target":{"@type":"EntryPoint","urlTemplate":"https:\/\/www.productospolisalud.com.mx\/productos-politecnicos\/?s={search_term_string}"},"query-input":"required name=search_term_string"}],"inLanguage":"es-MX"}]}},"_links":{"self":[{"href":"https:\/\/www.productospolisalud.com.mx\/productos-politecnicos\/wp-json\/wp\/v2\/product\/122"}],"collection":[{"href":"https:\/\/www.productospolisalud.com.mx\/productos-politecnicos\/wp-json\/wp\/v2\/product"}],"about":[{"href":"https:\/\/www.productospolisalud.com.mx\/productos-politecnicos\/wp-json\/wp\/v2\/types\/product"}],"replies":[{"embeddable":true,"href":"https:\/\/www.productospolisalud.com.mx\/productos-politecnicos\/wp-json\/wp\/v2\/comments?post=122"}],"wp:featuredmedia":[{"embeddable":true,"href":"https:\/\/www.productospolisalud.com.mx\/productos-politecnicos\/wp-json\/wp\/v2\/media\/2144"}],"wp:attachment":[{"href":"https:\/\/www.productospolisalud.com.mx\/productos-politecnicos\/wp-json\/wp\/v2\/media?parent=122"}],"wp:term":[{"taxonomy":"product_cat","embeddable":true,"href":"https:\/\/www.productospolisalud.com.mx\/productos-politecnicos\/wp-json\/wp\/v2\/product_cat?post=122"},{"taxonomy":"product_tag","embeddable":true,"href":"https:\/\/www.productospolisalud.com.mx\/productos-politecnicos\/wp-json\/wp\/v2\/product_tag?post=122"}],"curies":[{"name":"wp","href":"https:\/\/api.w.org\/{rel}","templated":true}]}}