{"id":139,"date":"2024-05-05T01:50:32","date_gmt":"2024-05-05T07:50:32","guid":{"rendered":"http:\/\/www.prueba.mx\/polisalud_nuevo\/producto\/import-placeholder-for-17\/"},"modified":"2025-11-27T00:54:29","modified_gmt":"2025-11-27T06:54:29","slug":"gel-baba-de-caracol","status":"publish","type":"product","link":"https:\/\/www.productospolisalud.com.mx\/productos-politecnicos\/producto\/gel-baba-de-caracol\/","title":{"rendered":"Gel Baba de Caracol"},"content":{"rendered":"<p>S\u00f3lo en Polisalud encuentras la f\u00f3rmula original desarrollada por investigadores egresados del IPN. Nuestro Gel Baba de Caracol es un exfoliante natural, ayuda a la regeneraci\u00f3n de las capas de la piel fortaleci\u00e9ndola y nutri\u00e9ndola. Eficaz en el tratamiento de estr\u00edas, cicatrices, celulitis y l\u00edneas de expresi\u00f3n.<\/p>\n<p><strong>Ingredientes:<\/strong>\u00a0Glicerina, Trietanolamina, Base para gel, Aceites minerales, Fragancia, Metil parabeno, Agua, Extracto de baba de caracol.<\/p>\n<p>Disfruta de nuestra atenci\u00f3n personalizada marcando al 552622-9599. Descubre qu\u00e9 f\u00e1cil es comprar en l\u00ednea. Env\u00edos a todo el pa\u00eds.<\/p>\n<p><strong>Salud es belleza<\/strong><\/p>\n","protected":false},"excerpt":{"rendered":"<h4><span style=\"color: #35e40c;\"><strong>Presentaci\u00f3n:<\/strong><\/span>\u00a0<span style=\"color: #010101;\">Tarro con 60 gramos.<\/span><\/h4>\n<p><strong>Higiene es salud<\/strong><\/p>\n","protected":false},"featured_media":1205,"comment_status":"open","ping_status":"closed","template":"","meta":[],"product_cat":[17],"product_tag":[],"yoast_head":"<!-- This site is optimized with the Yoast SEO plugin v21.1 - https:\/\/yoast.com\/wordpress\/plugins\/seo\/ -->\n<title>El Gel Baba de Caracol del IPN es un excelente producto para el rostro.<\/title>\n<meta name=\"description\" content=\"Gel Baba de Caracol, en Polisalud encuentras la f\u00f3rmula original desarrollada por investigadores egresados del IPN. Es un excelente tratamiento para la piel\" \/>\n<meta name=\"robots\" content=\"index, follow, max-snippet:-1, max-image-preview:large, max-video-preview:-1\" \/>\n<link rel=\"canonical\" href=\"https:\/\/www.productospolisalud.com.mx\/productos-politecnicos\/producto\/gel-baba-de-caracol\/\" \/>\n<meta property=\"og:locale\" content=\"es_MX\" \/>\n<meta property=\"og:type\" content=\"article\" \/>\n<meta property=\"og:title\" content=\"El Gel Baba de Caracol del IPN es un excelente producto para el rostro.\" \/>\n<meta property=\"og:description\" content=\"Gel Baba de Caracol, en Polisalud encuentras la f\u00f3rmula original desarrollada por investigadores egresados del IPN. Es un excelente tratamiento para la piel\" \/>\n<meta property=\"og:url\" content=\"https:\/\/www.productospolisalud.com.mx\/productos-politecnicos\/producto\/gel-baba-de-caracol\/\" \/>\n<meta property=\"og:site_name\" content=\"Polisalud es la tienda de origen Polit\u00e9cnico\" \/>\n<meta property=\"article:modified_time\" content=\"2025-11-27T06:54:29+00:00\" \/>\n<meta property=\"og:image\" content=\"https:\/\/www.productospolisalud.com.mx\/productos-politecnicos\/wp-content\/uploads\/2017\/07\/Gel-baba-de-caracol.png\" \/>\n\t<meta property=\"og:image:width\" content=\"600\" \/>\n\t<meta property=\"og:image:height\" content=\"400\" \/>\n\t<meta property=\"og:image:type\" content=\"image\/png\" \/>\n<meta name=\"twitter:card\" content=\"summary_large_image\" \/>\n<meta name=\"twitter:label1\" content=\"Tiempo de lectura\" \/>\n\t<meta name=\"twitter:data1\" content=\"1 minuto\" \/>\n<script type=\"application\/ld+json\" class=\"yoast-schema-graph\">{\"@context\":\"https:\/\/schema.org\",\"@graph\":[{\"@type\":\"WebPage\",\"@id\":\"https:\/\/www.productospolisalud.com.mx\/productos-politecnicos\/producto\/gel-baba-de-caracol\/\",\"url\":\"https:\/\/www.productospolisalud.com.mx\/productos-politecnicos\/producto\/gel-baba-de-caracol\/\",\"name\":\"El Gel Baba de Caracol del IPN es un excelente producto para el rostro.\",\"isPartOf\":{\"@id\":\"https:\/\/www.productospolisalud.com.mx\/productos-politecnicos\/#website\"},\"datePublished\":\"2024-05-05T07:50:32+00:00\",\"dateModified\":\"2025-11-27T06:54:29+00:00\",\"description\":\"Gel Baba de Caracol, en Polisalud encuentras la f\u00f3rmula original desarrollada por investigadores egresados del IPN. Es un excelente tratamiento para la piel\",\"breadcrumb\":{\"@id\":\"https:\/\/www.productospolisalud.com.mx\/productos-politecnicos\/producto\/gel-baba-de-caracol\/#breadcrumb\"},\"inLanguage\":\"es-MX\",\"potentialAction\":[{\"@type\":\"ReadAction\",\"target\":[\"https:\/\/www.productospolisalud.com.mx\/productos-politecnicos\/producto\/gel-baba-de-caracol\/\"]}]},{\"@type\":\"BreadcrumbList\",\"@id\":\"https:\/\/www.productospolisalud.com.mx\/productos-politecnicos\/producto\/gel-baba-de-caracol\/#breadcrumb\",\"itemListElement\":[{\"@type\":\"ListItem\",\"position\":1,\"name\":\"Inicio\",\"item\":\"https:\/\/www.productospolisalud.com.mx\/productos-politecnicos\/\"},{\"@type\":\"ListItem\",\"position\":2,\"name\":\"Tienda\",\"item\":\"https:\/\/www.productospolisalud.com.mx\/productos-politecnicos\/tienda\/\"},{\"@type\":\"ListItem\",\"position\":3,\"name\":\"Gel Baba de Caracol\"}]},{\"@type\":\"WebSite\",\"@id\":\"https:\/\/www.productospolisalud.com.mx\/productos-politecnicos\/#website\",\"url\":\"https:\/\/www.productospolisalud.com.mx\/productos-politecnicos\/\",\"name\":\"Polisalud es la tienda de origen Polit\u00e9cnico\",\"description\":\"Polisalud son productos desarrollados por Polit\u00e9cnicos\",\"potentialAction\":[{\"@type\":\"SearchAction\",\"target\":{\"@type\":\"EntryPoint\",\"urlTemplate\":\"https:\/\/www.productospolisalud.com.mx\/productos-politecnicos\/?s={search_term_string}\"},\"query-input\":\"required name=search_term_string\"}],\"inLanguage\":\"es-MX\"}]}<\/script>\n<!-- \/ Yoast SEO plugin. -->","yoast_head_json":{"title":"El Gel Baba de Caracol del IPN es un excelente producto para el rostro.","description":"Gel Baba de Caracol, en Polisalud encuentras la f\u00f3rmula original desarrollada por investigadores egresados del IPN. Es un excelente tratamiento para la piel","robots":{"index":"index","follow":"follow","max-snippet":"max-snippet:-1","max-image-preview":"max-image-preview:large","max-video-preview":"max-video-preview:-1"},"canonical":"https:\/\/www.productospolisalud.com.mx\/productos-politecnicos\/producto\/gel-baba-de-caracol\/","og_locale":"es_MX","og_type":"article","og_title":"El Gel Baba de Caracol del IPN es un excelente producto para el rostro.","og_description":"Gel Baba de Caracol, en Polisalud encuentras la f\u00f3rmula original desarrollada por investigadores egresados del IPN. Es un excelente tratamiento para la piel","og_url":"https:\/\/www.productospolisalud.com.mx\/productos-politecnicos\/producto\/gel-baba-de-caracol\/","og_site_name":"Polisalud es la tienda de origen Polit\u00e9cnico","article_modified_time":"2025-11-27T06:54:29+00:00","og_image":[{"width":600,"height":400,"url":"https:\/\/www.productospolisalud.com.mx\/productos-politecnicos\/wp-content\/uploads\/2017\/07\/Gel-baba-de-caracol.png","type":"image\/png"}],"twitter_card":"summary_large_image","twitter_misc":{"Tiempo de lectura":"1 minuto"},"schema":{"@context":"https:\/\/schema.org","@graph":[{"@type":"WebPage","@id":"https:\/\/www.productospolisalud.com.mx\/productos-politecnicos\/producto\/gel-baba-de-caracol\/","url":"https:\/\/www.productospolisalud.com.mx\/productos-politecnicos\/producto\/gel-baba-de-caracol\/","name":"El Gel Baba de Caracol del IPN es un excelente producto para el rostro.","isPartOf":{"@id":"https:\/\/www.productospolisalud.com.mx\/productos-politecnicos\/#website"},"datePublished":"2024-05-05T07:50:32+00:00","dateModified":"2025-11-27T06:54:29+00:00","description":"Gel Baba de Caracol, en Polisalud encuentras la f\u00f3rmula original desarrollada por investigadores egresados del IPN. Es un excelente tratamiento para la piel","breadcrumb":{"@id":"https:\/\/www.productospolisalud.com.mx\/productos-politecnicos\/producto\/gel-baba-de-caracol\/#breadcrumb"},"inLanguage":"es-MX","potentialAction":[{"@type":"ReadAction","target":["https:\/\/www.productospolisalud.com.mx\/productos-politecnicos\/producto\/gel-baba-de-caracol\/"]}]},{"@type":"BreadcrumbList","@id":"https:\/\/www.productospolisalud.com.mx\/productos-politecnicos\/producto\/gel-baba-de-caracol\/#breadcrumb","itemListElement":[{"@type":"ListItem","position":1,"name":"Inicio","item":"https:\/\/www.productospolisalud.com.mx\/productos-politecnicos\/"},{"@type":"ListItem","position":2,"name":"Tienda","item":"https:\/\/www.productospolisalud.com.mx\/productos-politecnicos\/tienda\/"},{"@type":"ListItem","position":3,"name":"Gel Baba de Caracol"}]},{"@type":"WebSite","@id":"https:\/\/www.productospolisalud.com.mx\/productos-politecnicos\/#website","url":"https:\/\/www.productospolisalud.com.mx\/productos-politecnicos\/","name":"Polisalud es la tienda de origen Polit\u00e9cnico","description":"Polisalud son productos desarrollados por Polit\u00e9cnicos","potentialAction":[{"@type":"SearchAction","target":{"@type":"EntryPoint","urlTemplate":"https:\/\/www.productospolisalud.com.mx\/productos-politecnicos\/?s={search_term_string}"},"query-input":"required name=search_term_string"}],"inLanguage":"es-MX"}]}},"_links":{"self":[{"href":"https:\/\/www.productospolisalud.com.mx\/productos-politecnicos\/wp-json\/wp\/v2\/product\/139"}],"collection":[{"href":"https:\/\/www.productospolisalud.com.mx\/productos-politecnicos\/wp-json\/wp\/v2\/product"}],"about":[{"href":"https:\/\/www.productospolisalud.com.mx\/productos-politecnicos\/wp-json\/wp\/v2\/types\/product"}],"replies":[{"embeddable":true,"href":"https:\/\/www.productospolisalud.com.mx\/productos-politecnicos\/wp-json\/wp\/v2\/comments?post=139"}],"wp:featuredmedia":[{"embeddable":true,"href":"https:\/\/www.productospolisalud.com.mx\/productos-politecnicos\/wp-json\/wp\/v2\/media\/1205"}],"wp:attachment":[{"href":"https:\/\/www.productospolisalud.com.mx\/productos-politecnicos\/wp-json\/wp\/v2\/media?parent=139"}],"wp:term":[{"taxonomy":"product_cat","embeddable":true,"href":"https:\/\/www.productospolisalud.com.mx\/productos-politecnicos\/wp-json\/wp\/v2\/product_cat?post=139"},{"taxonomy":"product_tag","embeddable":true,"href":"https:\/\/www.productospolisalud.com.mx\/productos-politecnicos\/wp-json\/wp\/v2\/product_tag?post=139"}],"curies":[{"name":"wp","href":"https:\/\/api.w.org\/{rel}","templated":true}]}}